{"id":414,"date":"2017-05-02T20:15:37","date_gmt":"2017-05-02T18:15:37","guid":{"rendered":"https:\/\/www.tandemtotal.de\/?page_id=414"},"modified":"2017-07-30T06:03:20","modified_gmt":"2017-07-30T04:03:20","slug":"videos","status":"publish","type":"page","link":"https:\/\/www.tandemtotal.de\/index.php\/videos\/","title":{"rendered":"Videos"},"content":{"rendered":"<p><strong> Es wird Nacht am Kargush Pass<\/strong><br \/>\nCampspot auf 4050m zwischen dem Khargush Milit\u00e4rcheckpoint und der Passh\u00f6he (Pamir, Tajikistan)<br \/>\n<iframe loading=\"lazy\" src=\"https:\/\/player.vimeo.com\/video\/227583702\" width=\"800\" height=\"480\" frameborder=\"0\" webkitallowfullscreen mozallowfullscreen allowfullscreen><\/iframe><\/p>\n<p><strong>Tonis Puri &#8211; Georgisches Brot:<\/strong><br \/>\nIn einem Bretterverschlag in einem Dorf in den Bergen zwischen Batumi und Khulo haben wir diesen Brotb\u00e4cker gefunden und ich durfte die Backstube von innen besichtigen:<br \/>\n<iframe loading=\"lazy\" src=\"https:\/\/player.vimeo.com\/video\/215701927\" width=\"800\" height=\"480\" frameborder=\"0\" allowfullscreen=\"allowfullscreen\"><\/iframe><\/p>\n<p><strong>Irgendwo in Bulgarien<\/strong><br \/>\nSeit wir Rum\u00e4nien erreicht haben, geh\u00f6ren Pferde- und Eselskarren zum t\u00e4glichen Erscheinungsbild. Es sind fast ausschlie\u00dflich Roma die sich keine Autos leisten k\u00f6nnen.<br \/>\n<iframe loading=\"lazy\" src=\"https:\/\/player.vimeo.com\/video\/215715847\" width=\"800\" height=\"480\" frameborder=\"0\" webkitallowfullscreen mozallowfullscreen allowfullscreen><\/iframe><\/p>\n","protected":false},"excerpt":{"rendered":"<p>Es wird Nacht am Kargush Pass Campspot auf 4050m zwischen dem Khargush Milit\u00e4rcheckpoint und der Passh\u00f6he (Pamir, Tajikistan) Tonis Puri &#8211; Georgisches Brot: In einem Bretterverschlag in einem Dorf in den Bergen zwischen Batumi und Khulo haben wir diesen Brotb\u00e4cker gefunden und ich durfte die Backstube von innen besichtigen: Irgendwo in Bulgarien Seit wir Rum\u00e4nien [&hellip;]<\/p>\n","protected":false},"author":1,"featured_media":0,"parent":0,"menu_order":0,"comment_status":"open","ping_status":"closed","template":"","meta":{"footnotes":""},"class_list":["post-414","page","type-page","status-publish","hentry"],"jetpack_sharing_enabled":true,"_links":{"self":[{"href":"https:\/\/www.tandemtotal.de\/index.php\/wp-json\/wp\/v2\/pages\/414","targetHints":{"allow":["GET"]}}],"collection":[{"href":"https:\/\/www.tandemtotal.de\/index.php\/wp-json\/wp\/v2\/pages"}],"about":[{"href":"https:\/\/www.tandemtotal.de\/index.php\/wp-json\/wp\/v2\/types\/page"}],"author":[{"embeddable":true,"href":"https:\/\/www.tandemtotal.de\/index.php\/wp-json\/wp\/v2\/users\/1"}],"replies":[{"embeddable":true,"href":"https:\/\/www.tandemtotal.de\/index.php\/wp-json\/wp\/v2\/comments?post=414"}],"version-history":[{"count":10,"href":"https:\/\/www.tandemtotal.de\/index.php\/wp-json\/wp\/v2\/pages\/414\/revisions"}],"predecessor-version":[{"id":828,"href":"https:\/\/www.tandemtotal.de\/index.php\/wp-json\/wp\/v2\/pages\/414\/revisions\/828"}],"wp:attachment":[{"href":"https:\/\/www.tandemtotal.de\/index.php\/wp-json\/wp\/v2\/media?parent=414"}],"curies":[{"name":"wp","href":"https:\/\/api.w.org\/{rel}","templated":true}]}}